{"id":1137,"date":"2021-01-15T10:38:08","date_gmt":"2021-01-15T09:38:08","guid":{"rendered":"https:\/\/mettevinterfugl.dk\/?page_id=1137"},"modified":"2024-07-03T11:44:38","modified_gmt":"2024-07-03T09:44:38","slug":"biography","status":"publish","type":"page","link":"https:\/\/mettevinterfugl.dk\/?page_id=1137","title":{"rendered":"Biography"},"content":{"rendered":"\t\t<div data-elementor-type=\"wp-page\" data-elementor-id=\"1137\" class=\"elementor elementor-1137\" data-elementor-settings=\"[]\">\n\t\t\t\t\t\t<div class=\"elementor-inner\">\n\t\t\t\t\t\t\t<div class=\"elementor-section-wrap\">\n\t\t\t\t\t\t\t<section class=\"elementor-section elementor-top-section elementor-element elementor-element-159c34d elementor-section-boxed elementor-section-height-default elementor-section-height-default\" data-id=\"159c34d\" data-element_type=\"section\">\n\t\t\t\t\t\t<div class=\"elementor-container elementor-column-gap-default\">\n\t\t\t\t\t\t\t<div class=\"elementor-row\">\n\t\t\t\t\t<div class=\"elementor-column elementor-col-100 elementor-top-column elementor-element elementor-element-d43e17e\" data-id=\"d43e17e\" data-element_type=\"column\">\n\t\t\t<div class=\"elementor-column-wrap elementor-element-populated\">\n\t\t\t\t\t\t\t<div class=\"elementor-widget-wrap\">\n\t\t\t\t\t\t<div class=\"elementor-element elementor-element-6465908 elementor-widget elementor-widget-text-editor\" data-id=\"6465908\" data-element_type=\"widget\" data-widget_type=\"text-editor.default\">\n\t\t\t\t<div class=\"elementor-widget-container\">\n\t\t\t\t\t<div class=\"elementor-text-editor elementor-clearfix\"><p>Biography<\/p><\/div>\n\t\t\t\t<\/div>\n\t\t\t\t<\/div>\n\t\t\t\t\t\t<\/div>\n\t\t\t\t\t<\/div>\n\t\t<\/div>\n\t\t\t\t\t\t\t\t<\/div>\n\t\t\t\t\t<\/div>\n\t\t<\/section>\n\t\t\t\t<section class=\"elementor-section elementor-top-section elementor-element elementor-element-adb8164 elementor-section-boxed elementor-section-height-default elementor-section-height-default\" data-id=\"adb8164\" data-element_type=\"section\">\n\t\t\t\t\t\t<div class=\"elementor-container elementor-column-gap-default\">\n\t\t\t\t\t\t\t<div class=\"elementor-row\">\n\t\t\t\t\t<div class=\"elementor-column elementor-col-100 elementor-top-column elementor-element elementor-element-f106dd0\" data-id=\"f106dd0\" data-element_type=\"column\">\n\t\t\t<div class=\"elementor-column-wrap elementor-element-populated\">\n\t\t\t\t\t\t\t<div class=\"elementor-widget-wrap\">\n\t\t\t\t\t\t<div class=\"elementor-element elementor-element-004cd5e elementor-widget elementor-widget-image\" data-id=\"004cd5e\" data-element_type=\"widget\" data-widget_type=\"image.default\">\n\t\t\t\t<div class=\"elementor-widget-container\">\n\t\t\t\t\t<div class=\"elementor-image\">\n\t\t\t\t\t\t\t\t\t\t<img width=\"200\" height=\"300\" src=\"https:\/\/mettevinterfugl.dk\/wp-content\/uploads\/2021\/01\/Bl\u00e5-Mette-Hansen-200x300.jpg\" class=\"attachment-medium size-medium\" alt=\"\" decoding=\"async\" loading=\"lazy\" srcset=\"https:\/\/mettevinterfugl.dk\/wp-content\/uploads\/2021\/01\/Bl\u00e5-Mette-Hansen-200x300.jpg 200w, https:\/\/mettevinterfugl.dk\/wp-content\/uploads\/2021\/01\/Bl\u00e5-Mette-Hansen-683x1024.jpg 683w, https:\/\/mettevinterfugl.dk\/wp-content\/uploads\/2021\/01\/Bl\u00e5-Mette-Hansen-768x1152.jpg 768w, https:\/\/mettevinterfugl.dk\/wp-content\/uploads\/2021\/01\/Bl\u00e5-Mette-Hansen-1024x1536.jpg 1024w, https:\/\/mettevinterfugl.dk\/wp-content\/uploads\/2021\/01\/Bl\u00e5-Mette-Hansen-1365x2048.jpg 1365w, https:\/\/mettevinterfugl.dk\/wp-content\/uploads\/2021\/01\/Bl\u00e5-Mette-Hansen-600x900.jpg 600w, https:\/\/mettevinterfugl.dk\/wp-content\/uploads\/2021\/01\/Bl\u00e5-Mette-Hansen.jpg 1535w\" sizes=\"(max-width: 200px) 100vw, 200px\" \/>\t\t\t\t\t\t\t\t\t\t\t<\/div>\n\t\t\t\t<\/div>\n\t\t\t\t<\/div>\n\t\t\t\t\t\t<\/div>\n\t\t\t\t\t<\/div>\n\t\t<\/div>\n\t\t\t\t\t\t\t\t<\/div>\n\t\t\t\t\t<\/div>\n\t\t<\/section>\n\t\t\t\t<section class=\"elementor-section elementor-top-section elementor-element elementor-element-6f7c6bc elementor-section-boxed elementor-section-height-default elementor-section-height-default\" data-id=\"6f7c6bc\" data-element_type=\"section\">\n\t\t\t\t\t\t<div class=\"elementor-container elementor-column-gap-default\">\n\t\t\t\t\t\t\t<div class=\"elementor-row\">\n\t\t\t\t\t<div class=\"elementor-column elementor-col-100 elementor-top-column elementor-element elementor-element-fa04c4d\" data-id=\"fa04c4d\" data-element_type=\"column\">\n\t\t\t<div class=\"elementor-column-wrap elementor-element-populated\">\n\t\t\t\t\t\t\t<div class=\"elementor-widget-wrap\">\n\t\t\t\t\t\t<div class=\"elementor-element elementor-element-32d928c elementor-widget elementor-widget-spacer\" data-id=\"32d928c\" data-element_type=\"widget\" data-widget_type=\"spacer.default\">\n\t\t\t\t<div class=\"elementor-widget-container\">\n\t\t\t\t\t<div class=\"elementor-spacer\">\n\t\t\t<div class=\"elementor-spacer-inner\"><\/div>\n\t\t<\/div>\n\t\t\t\t<\/div>\n\t\t\t\t<\/div>\n\t\t\t\t\t\t<\/div>\n\t\t\t\t\t<\/div>\n\t\t<\/div>\n\t\t\t\t\t\t\t\t<\/div>\n\t\t\t\t\t<\/div>\n\t\t<\/section>\n\t\t\t\t<section class=\"elementor-section elementor-top-section elementor-element elementor-element-ab23392 elementor-section-boxed elementor-section-height-default elementor-section-height-default\" data-id=\"ab23392\" data-element_type=\"section\">\n\t\t\t\t\t\t<div class=\"elementor-container elementor-column-gap-default\">\n\t\t\t\t\t\t\t<div class=\"elementor-row\">\n\t\t\t\t\t<div class=\"elementor-column elementor-col-50 elementor-top-column elementor-element elementor-element-f05ae4c\" data-id=\"f05ae4c\" data-element_type=\"column\">\n\t\t\t<div class=\"elementor-column-wrap elementor-element-populated\">\n\t\t\t\t\t\t\t<div class=\"elementor-widget-wrap\">\n\t\t\t\t\t\t<div class=\"elementor-element elementor-element-4d6569f elementor-widget elementor-widget-text-editor\" data-id=\"4d6569f\" data-element_type=\"widget\" data-widget_type=\"text-editor.default\">\n\t\t\t\t<div class=\"elementor-widget-container\">\n\t\t\t\t\t<div class=\"elementor-text-editor elementor-clearfix\"><p>METTE HANSEN&nbsp; &nbsp;\u2022 &nbsp; F\u00d8DT 1959<\/p>\n<p><span style=\"color: var( --e-global-color-text ); letter-spacing: 0px;\">Uddannet p\u00e5 Den Danske Husflidsh\u00f8jskole<br><\/span><span style=\"color: var( --e-global-color-text ); letter-spacing: 0px;\">F\u00e6rdig p\u00e5 v\u00e6velinien i 1984<\/span><\/p>\n<p><span style=\"letter-spacing: 0px;\">&nbsp;<\/span><\/p>\n<p><span style=\"letter-spacing: 0px;\">UDSTILLINGER<\/span><\/p>\n<p><span style=\"color: var( --e-global-color-text ); letter-spacing: 0px;\">I flere sammenh\u00e6ng med den Fynske v\u00e6vekreds<br><\/span><span style=\"color: var( --e-global-color-text ); letter-spacing: 0px;\">I flere sammenh\u00e6ng med&nbsp;PABiAK<br><\/span><span style=\"color: var( --e-global-color-text ); letter-spacing: 0px;\">H\u00f8rv\u00e6vsmuseet<br><\/span><span style=\"color: var( --e-global-color-text ); letter-spacing: 0px;\">Filosofgangen i Odense<br><\/span><span style=\"color: var( --e-global-color-text ); letter-spacing: 0px;\">\u201cIndustrien\u201d i \u00c5rup<br><\/span><span style=\"color: var( --e-global-color-text ); letter-spacing: 0px;\">Ris\u00f8 kunstforening<br><\/span><span style=\"color: var( --e-global-color-text ); letter-spacing: 0px;\">Galleri Sulegaarden<\/span><\/p>\n<p><\/p>\n<p><span style=\"letter-spacing: 0px;\"><br><\/span><\/p>\n<p><span style=\"letter-spacing: 0px;\">ART TAPESTRY7<\/span><span style=\"letter-spacing: 0px;\">&nbsp;<\/span><span style=\"letter-spacing: 0px;\">&nbsp; \u2022 &nbsp; 2024 &#8211; 2026<\/span><\/p>\n<p><span style=\"letter-spacing: 0px;\">Deutsches Textilmuseum Krefeld, 21th July 2024 \u2013 31th December 2024,<br><\/span><span style=\"letter-spacing: 0px; color: var( --e-global-color-text );\">Germany<br><\/span><span style=\"letter-spacing: 0px; color: var( --e-global-color-text );\">Artcenter Silkeborg Bad, 25th. January 2025 \u2013 15th April 2025, Denmark<br><\/span><span style=\"letter-spacing: 0px; color: var( --e-global-color-text );\">Kulturcentrum Ronneby, in spring\/summer 2025, Sweden<br><\/span><span style=\"color: var( --e-global-color-text ); letter-spacing: 0px;\">Vigado\u00b4Gallery, Szombathely, beginning of 2026, Hungary<\/span><\/p>\n<p><br><\/p>\n<p><span style=\"color: var( --e-global-color-text ); letter-spacing: 0px;\">ATB13 \u2013 AMERICAN TAPESTRY BIENNIAL &nbsp;\u2022 &nbsp;2021&nbsp;<\/span><\/p>\n<p><span style=\"color: var( --e-global-color-text ); letter-spacing: 0px;\">Highfield Hall &amp; Gardens,&nbsp;Massachusetts&nbsp;<br><\/span><span style=\"color: var( --e-global-color-text ); letter-spacing: 0px;\">San Jose Museum of Quilts &amp; Textiles in San Jose,&nbsp;California&nbsp;<\/span><\/p>\n<p><span style=\"color: var( --e-global-color-text ); letter-spacing: 0px;\"><br><\/span><\/p>\n<p><span style=\"color: var( --e-global-color-text ); letter-spacing: 0px;\">ART TAPESTRY6 &nbsp; \u2022 &nbsp; 2021 &#8211; 2022<\/span><\/p>\n<p>Silkeborg Bad&nbsp;<br><span style=\"color: var( --e-global-color-text ); letter-spacing: 0px;\">Kulturcenter R\u00f6nneby, Sverige<br><\/span><span style=\"color: var( --e-global-color-text ); letter-spacing: 0px;\">SINKKA Art Musenmat Kerava, Finland<\/span><\/p>\n<p><br><\/p>\n<p><span style=\"color: var( --e-global-color-text ); letter-spacing: 0px;\">ART TAPESTRY5 &nbsp; \u2022 &nbsp; 2018 &#8211; 2019<\/span><\/p><p><span style=\"color: var( --e-global-color-text ); letter-spacing: 0px;\">Silkeborg Bad<br><\/span><span style=\"color: var( --e-global-color-text ); letter-spacing: 0px;\">Kulturcentrum R\u00f6nneby, Sverige<br><\/span><span style=\"color: var( --e-global-color-text ); letter-spacing: 0px;\">Mark Rothko Artcentre, Letland<\/span><\/p>\n<p><\/p>\n<p><br><\/p>\n<p>ART TAPESTRY3 &nbsp; \u2022 &nbsp; 2012 &#8211; 2014<\/p>\n<p>Silkeborg Bad<br><span style=\"color: var( --e-global-color-text ); letter-spacing: 0px;\">Museum of central, Finland<br><\/span><span style=\"color: var( --e-global-color-text ); letter-spacing: 0px;\">Kulturcentrum, Sverige<br><\/span><span style=\"color: var( --e-global-color-text ); letter-spacing: 0px;\">Museum of Decorative Arts and Design, Letland<\/span><\/p>\n<p><span style=\"color: var( --e-global-color-text ); letter-spacing: 0px;\"><br><\/span><\/p>\n<p><span style=\"color: var( --e-global-color-text ); letter-spacing: 0px;\">MEDLEM AF<\/span><\/p>\n<p><span style=\"color: var( --e-global-color-text ); letter-spacing: 0px;\">Kunstgruppen &#8220;PABiAK&#8221;<br><\/span><span style=\"color: var( --e-global-color-text ); letter-spacing: 0px;\">(professionelle arbejdende kunstnere i Assens kommune)<\/span><\/p><\/div>\n\t\t\t\t<\/div>\n\t\t\t\t<\/div>\n\t\t\t\t\t\t<\/div>\n\t\t\t\t\t<\/div>\n\t\t<\/div>\n\t\t\t\t<div class=\"elementor-column elementor-col-50 elementor-top-column elementor-element elementor-element-580003b\" data-id=\"580003b\" data-element_type=\"column\">\n\t\t\t<div class=\"elementor-column-wrap elementor-element-populated\">\n\t\t\t\t\t\t\t<div class=\"elementor-widget-wrap\">\n\t\t\t\t\t\t<div class=\"elementor-element elementor-element-64de9b7 elementor-widget elementor-widget-text-editor\" data-id=\"64de9b7\" data-element_type=\"widget\" data-widget_type=\"text-editor.default\">\n\t\t\t\t<div class=\"elementor-widget-container\">\n\t\t\t\t\t<div class=\"elementor-text-editor elementor-clearfix\"><p>METTE HANSEN &nbsp; \u2022 &nbsp; BORN 1959<\/p>\n<p>Education at the Danish Handicraft College<br><span style=\"letter-spacing: 0px;\">Finished on the weaving line in 1984<\/span><\/p>\n<p><br><\/p>\n<p><\/p>\n<p>EXHIBITIONS<\/p>\n<p>In several contexts with &#8220;PABiAK&#8221;<br><span style=\"letter-spacing: 0px;\">In several contexts with Funen weaving group<br><\/span><span style=\"letter-spacing: 0px;\">The Flax Weaving Museum<br><\/span><span style=\"letter-spacing: 0px;\">Filosofgangen in Odense<br><\/span><span style=\"letter-spacing: 0px;\">Industrien in Aarup<br><\/span><span style=\"letter-spacing: 0px;\">Ris\u00f8 Art Association<br><\/span><span style=\"letter-spacing: 0px;\">Gallery Sulegaarden<\/span><\/p>\n<p><br><\/p>\n<p><span style=\"letter-spacing: 0px;\">ART TAPESTRY7&nbsp; &nbsp;\u2022 &nbsp; BORN 1959<\/span>&nbsp;&nbsp;<\/p>\n<p>Deutsches Textilmuseum Krefeld, 21st of July 2024&nbsp;<span style=\"letter-spacing: 0px;\">\u2013 31st of December 2024,&nbsp;<\/span><span style=\"letter-spacing: 0px;\">Germany<br>Artcenter Silkeborg Bad, 25th of January 2025&nbsp;<\/span><span style=\"letter-spacing: 0px;\">\u2013 15th of April 2025, Denmark<br>Kulturcentrum Ronneby, spring\/summer 2025, Sweden<br>Vigado&#8217;Gallery, Szombathely, beginning of 2026, Hungary<\/span><\/p>\n<p style=\"caret-color: #7a7a7a; color: #7a7a7a;\"><span style=\"color: rgba(85, 152, 176, 0.84); letter-spacing: 0px;\">&nbsp;<\/span><\/p>\n<p>ATB13 \u2013 AMERICAN TAPESTRY BIENNIAL &nbsp;\u2022 &nbsp;2021<\/p>\n<p>Highfield Hall &amp; Gardens,&nbsp;Massachusetts<br><span style=\"letter-spacing: 0px;\">San Jose Museum of Quilts &amp; Textiles in San Jose,&nbsp;California<\/span><\/p>\n<p><br><\/p>\n<p><\/p>\n<p>ART TAPESTRY6 &nbsp; \u2022 &nbsp; 2021 &#8211; 2022<\/p>\n<p>Silkeborg Bad, Denmark<br><span style=\"letter-spacing: 0px;\">Kulturcenter R\u00f6nneby, Sweden<br><\/span><span style=\"letter-spacing: 0px;\">SINKKA Art Musenmat Kerava, Finland<\/span><\/p>\n<p><br><\/p>\n<p><\/p>\n<p>ART TAPESTRY5 &nbsp; \u2022 &nbsp; 2018 &#8211; 2019<\/p>\n<p>Silkeborg Bad, Denmark<br><span style=\"letter-spacing: 0px;\">Kulturcentrum R\u00f6nneby, Sweden<br><\/span><span style=\"letter-spacing: 0px;\">Mark Rothko Artcentre, Latvia<\/span><\/p>\n<p><br><\/p>\n<p><\/p>\n<p>ART TAPESTRY3 &nbsp; \u2022 &nbsp; 2012 &#8211; 2014<\/p>\n<p><\/p>\n<p>Silkeborg Bad, Denmark<br><span style=\"letter-spacing: 0px;\">Museum of central, Finland<br><\/span><span style=\"letter-spacing: 0px;\">Kulturcentrum, Sweden<br><\/span><span style=\"letter-spacing: 0px;\">Museum of Decorative Arts and Design, Latvia<\/span><\/p>\n<p><br><\/p>\n<p><\/p>\n<p>MEMBER OF<\/p>\n<p>The art group &#8220;PABiAK&#8221;<br><span style=\"letter-spacing: 0px;\">(professional working artists in Assens municipality)<\/span><\/p><\/div>\n\t\t\t\t<\/div>\n\t\t\t\t<\/div>\n\t\t\t\t\t\t<\/div>\n\t\t\t\t\t<\/div>\n\t\t<\/div>\n\t\t\t\t\t\t\t\t<\/div>\n\t\t\t\t\t<\/div>\n\t\t<\/section>\n\t\t\t\t\t\t<\/div>\n\t\t\t\t\t\t<\/div>\n\t\t\t\t\t<\/div>\n\t\t","protected":false},"excerpt":{"rendered":"<p>Biography METTE HANSEN&nbsp; &nbsp;\u2022 &nbsp; F\u00d8DT 1959 Uddannet p\u00e5 Den Danske Husflidsh\u00f8jskoleF\u00e6rdig p\u00e5 v\u00e6velinien i 1984 &nbsp; UDSTILLINGER I flere sammenh\u00e6ng med den Fynske v\u00e6vekredsI flere sammenh\u00e6ng med&nbsp;PABiAKH\u00f8rv\u00e6vsmuseetFilosofgangen i Odense\u201cIndustrien\u201d i \u00c5rupRis\u00f8 kunstforeningGalleri Sulegaarden ART TAPESTRY7&nbsp;&nbsp; \u2022 &nbsp; 2024 &#8211; 2026 Deutsches Textilmuseum Krefeld, 21th July 2024 \u2013 31th December 2024,GermanyArtcenter Silkeborg Bad, 25th. January [&hellip;]<\/p>\n","protected":false},"author":2,"featured_media":0,"parent":0,"menu_order":0,"comment_status":"closed","ping_status":"closed","template":"","meta":[],"_links":{"self":[{"href":"https:\/\/mettevinterfugl.dk\/index.php?rest_route=\/wp\/v2\/pages\/1137"}],"collection":[{"href":"https:\/\/mettevinterfugl.dk\/index.php?rest_route=\/wp\/v2\/pages"}],"about":[{"href":"https:\/\/mettevinterfugl.dk\/index.php?rest_route=\/wp\/v2\/types\/page"}],"author":[{"embeddable":true,"href":"https:\/\/mettevinterfugl.dk\/index.php?rest_route=\/wp\/v2\/users\/2"}],"replies":[{"embeddable":true,"href":"https:\/\/mettevinterfugl.dk\/index.php?rest_route=%2Fwp%2Fv2%2Fcomments&post=1137"}],"version-history":[{"count":301,"href":"https:\/\/mettevinterfugl.dk\/index.php?rest_route=\/wp\/v2\/pages\/1137\/revisions"}],"predecessor-version":[{"id":1800,"href":"https:\/\/mettevinterfugl.dk\/index.php?rest_route=\/wp\/v2\/pages\/1137\/revisions\/1800"}],"wp:attachment":[{"href":"https:\/\/mettevinterfugl.dk\/index.php?rest_route=%2Fwp%2Fv2%2Fmedia&parent=1137"}],"curies":[{"name":"wp","href":"https:\/\/api.w.org\/{rel}","templated":true}]}}